{"id":7,"date":"2025-01-22T10:34:49","date_gmt":"2025-01-22T09:34:49","guid":{"rendered":"https:\/\/asemprn.cluster030.hosting.ovh.net\/?page_id=7"},"modified":"2025-01-27T14:35:56","modified_gmt":"2025-01-27T13:35:56","slug":"homepage","status":"publish","type":"page","link":"https:\/\/asemprod.fr\/","title":{"rendered":"Homepage"},"content":{"rendered":"\n<div class=\"wp-block-cover alignfull is-light\" style=\"min-height:100vh;aspect-ratio:unset;\"><span aria-hidden=\"true\" class=\"wp-block-cover__background has-background-dim-10 has-background-dim\" style=\"background-color:#FFF\"><\/span><video class=\"wp-block-cover__video-background intrinsic-ignore\" autoplay muted loop playsinline src=\"http:\/\/asemprod.fr\/wp-content\/uploads\/2025\/01\/Venice_1.mp4\" data-object-fit=\"cover\"><\/video><div class=\"wp-block-cover__inner-container has-global-padding is-layout-constrained wp-block-cover-is-layout-constrained\">\n<p class=\"has-text-align-center has-white-color has-text-color has-max-60-font-size\" style=\"font-style:normal;font-weight:900;line-height:1.2\"><strong>Vid\u00e9aste. Photographe.<\/strong><\/p>\n\n\n\n<p class=\"has-text-align-center has-white-color has-text-color has-medium-font-size\">Vid\u00e9aste professionnel en Dr\u00f4me-Ard\u00e8che, je vous propose mon savoir-faire \u00e0 votre service pour r\u00e9aliser un film sp\u00e9cialement pour vous. Vid\u00e9os d\u2019entreprise, interviews, vid\u00e9os d\u2019\u00e9v\u00e9nement\u2026 Ensemble, cr\u00e9ons une vid\u00e9o qui vous ressemble !<\/p>\n\n\n\n<div style=\"height:55px\" aria-hidden=\"true\" class=\"wp-block-spacer\"><\/div>\n\n\n\n<div class=\"wp-block-buttons is-content-justification-center is-layout-flex wp-container-core-buttons-is-layout-a89b3969 wp-block-buttons-is-layout-flex\">\n<div class=\"wp-block-button is-style-outline is-style-outline--1\"><a class=\"wp-block-button__link has-white-color has-text-color wp-element-button\" href=\"#aproposdemoit\" style=\"border-radius:0px\">EN SAVOIR PLUS<\/a><\/div>\n<\/div>\n<\/div><\/div>\n\n\n\n<div class=\"wp-block-group has-global-padding is-layout-constrained wp-block-group-is-layout-constrained\">\n<div style=\"height:57px\" aria-hidden=\"true\" class=\"wp-block-spacer\"><\/div>\n\n\n\n<h2 class=\"wp-block-heading has-text-align-center has-medium-font-size\" style=\"letter-spacing:1px\">LES PRESTATIONS ASEM PROD<\/h2>\n\n\n\n<p class=\"has-text-align-center\"><em>Pour tous vos besoins visuels, one-shot ou sur le long terme, d\u00e9couvrez mes services sur-mesure pour la communication interne ou externe de votre entreprise<\/em><\/p>\n\n\n\n<div style=\"height:57px\" aria-hidden=\"true\" class=\"wp-block-spacer\"><\/div>\n<\/div>\n\n\n\n<div class=\"wp-block-group alignfull pattern_multiple_covers has-background has-global-padding is-layout-constrained wp-block-group-is-layout-constrained\" id=\"services\" style=\"background-color:#f8f8f8\">\n<p class=\"has-text-align-left has-tertiary-color has-text-color\" style=\"letter-spacing:1px\">TRAVAILLER AVEC NOUS<\/p>\n\n\n\n<h2 class=\"wp-block-heading has-text-align-left\">NOS PRESTATIONS<\/h2>\n\n\n\n<p class=\"has-text-align-left\">Quel que soit votre projet, je trouverai une solution audiovisuelle originale et cr\u00e9ative de qualit\u00e9 pour d\u00e9velopper votre visibilit\u00e9.<\/p>\n\n\n\n<div style=\"height:46px\" aria-hidden=\"true\" class=\"wp-block-spacer\"><\/div>\n\n\n\n<div class=\"wp-block-columns is-layout-flex wp-container-core-columns-is-layout-28f84493 wp-block-columns-is-layout-flex\">\n<div class=\"wp-block-column is-layout-flow wp-block-column-is-layout-flow\" style=\"padding-top:0;padding-right:0;padding-bottom:0;padding-left:0\">\n<div class=\"wp-block-cover has-custom-content-position is-position-bottom-left\" style=\"padding-top:var(--wp--preset--spacing--small);padding-right:var(--wp--preset--spacing--x-small);padding-bottom:var(--wp--preset--spacing--small);padding-left:var(--wp--preset--spacing--x-small)\"><span aria-hidden=\"true\" class=\"wp-block-cover__background has-primary-background-color has-background-dim-30 has-background-dim\"><\/span><img fetchpriority=\"high\" decoding=\"async\" width=\"2200\" height=\"1468\" class=\"wp-block-cover__image-background wp-image-6\" alt=\"\" src=\"http:\/\/asemprod.fr\/wp-content\/uploads\/2025\/01\/StockSnap_6O7JXC5DC5.jpg\" data-object-fit=\"cover\" srcset=\"https:\/\/asemprod.fr\/wp-content\/uploads\/2025\/01\/StockSnap_6O7JXC5DC5.jpg 2200w, https:\/\/asemprod.fr\/wp-content\/uploads\/2025\/01\/StockSnap_6O7JXC5DC5-300x200.jpg 300w, https:\/\/asemprod.fr\/wp-content\/uploads\/2025\/01\/StockSnap_6O7JXC5DC5-1024x683.jpg 1024w, https:\/\/asemprod.fr\/wp-content\/uploads\/2025\/01\/StockSnap_6O7JXC5DC5-2000x1335.jpg 2000w, https:\/\/asemprod.fr\/wp-content\/uploads\/2025\/01\/StockSnap_6O7JXC5DC5-1536x1025.jpg 1536w, https:\/\/asemprod.fr\/wp-content\/uploads\/2025\/01\/StockSnap_6O7JXC5DC5-2048x1367.jpg 2048w, https:\/\/asemprod.fr\/wp-content\/uploads\/2025\/01\/StockSnap_6O7JXC5DC5-600x400.jpg 600w, https:\/\/asemprod.fr\/wp-content\/uploads\/2025\/01\/StockSnap_6O7JXC5DC5-1200x801.jpg 1200w\" sizes=\"(max-width: 2200px) 100vw, 2200px\" \/><div class=\"wp-block-cover__inner-container is-layout-flow wp-block-cover-is-layout-flow\">\n<h3 class=\"wp-block-heading has-white-color has-text-color has-medium-font-size\" style=\"margin-top:0;margin-right:0;margin-bottom:0;margin-left:0\">Production <br>Vid\u00e9o<\/h3>\n<\/div><\/div>\n<\/div>\n\n\n\n<div class=\"wp-block-column is-layout-flow wp-block-column-is-layout-flow\" style=\"padding-top:0;padding-right:0;padding-bottom:0;padding-left:0\">\n<div class=\"wp-block-cover has-custom-content-position is-position-bottom-left\" style=\"padding-top:var(--wp--preset--spacing--small);padding-right:var(--wp--preset--spacing--x-small);padding-bottom:var(--wp--preset--spacing--small);padding-left:var(--wp--preset--spacing--x-small)\"><span aria-hidden=\"true\" class=\"wp-block-cover__background has-primary-background-color has-background-dim-10 has-background-dim\"><\/span><img decoding=\"async\" width=\"2560\" height=\"1707\" class=\"wp-block-cover__image-background wp-image-39\" alt=\"\" src=\"http:\/\/asemprod.fr\/wp-content\/uploads\/2025\/01\/AD9A0675-scaled.jpg\" data-object-fit=\"cover\" srcset=\"https:\/\/asemprod.fr\/wp-content\/uploads\/2025\/01\/AD9A0675-scaled.jpg 2560w, https:\/\/asemprod.fr\/wp-content\/uploads\/2025\/01\/AD9A0675-300x200.jpg 300w, https:\/\/asemprod.fr\/wp-content\/uploads\/2025\/01\/AD9A0675-1024x683.jpg 1024w\" sizes=\"(max-width: 2560px) 100vw, 2560px\" \/><div class=\"wp-block-cover__inner-container is-layout-flow wp-block-cover-is-layout-flow\">\n<h3 class=\"wp-block-heading has-white-color has-text-color has-medium-font-size\" style=\"margin-top:0;margin-right:0;margin-bottom:0;margin-left:0\">Shooting<br>Photo<\/h3>\n<\/div><\/div>\n<\/div>\n\n\n\n<div class=\"wp-block-column is-layout-flow wp-block-column-is-layout-flow\" style=\"padding-top:0;padding-right:0;padding-bottom:0;padding-left:0\">\n<div class=\"wp-block-cover has-custom-content-position is-position-bottom-left\" style=\"padding-top:var(--wp--preset--spacing--small);padding-right:var(--wp--preset--spacing--x-small);padding-bottom:var(--wp--preset--spacing--small);padding-left:var(--wp--preset--spacing--x-small)\"><span aria-hidden=\"true\" class=\"wp-block-cover__background has-primary-background-color has-background-dim-30 has-background-dim\"><\/span><img decoding=\"async\" width=\"2000\" height=\"1317\" class=\"wp-block-cover__image-background wp-image-5\" alt=\"\" src=\"http:\/\/asemprod.fr\/wp-content\/uploads\/2025\/01\/StockSnap_M6D1GS9PSL.jpg\" data-object-fit=\"cover\" srcset=\"https:\/\/asemprod.fr\/wp-content\/uploads\/2025\/01\/StockSnap_M6D1GS9PSL.jpg 2000w, https:\/\/asemprod.fr\/wp-content\/uploads\/2025\/01\/StockSnap_M6D1GS9PSL-300x198.jpg 300w, https:\/\/asemprod.fr\/wp-content\/uploads\/2025\/01\/StockSnap_M6D1GS9PSL-1024x674.jpg 1024w, https:\/\/asemprod.fr\/wp-content\/uploads\/2025\/01\/StockSnap_M6D1GS9PSL-1536x1011.jpg 1536w, https:\/\/asemprod.fr\/wp-content\/uploads\/2025\/01\/StockSnap_M6D1GS9PSL-600x395.jpg 600w, https:\/\/asemprod.fr\/wp-content\/uploads\/2025\/01\/StockSnap_M6D1GS9PSL-1200x790.jpg 1200w\" sizes=\"(max-width: 2000px) 100vw, 2000px\" \/><div class=\"wp-block-cover__inner-container is-layout-flow wp-block-cover-is-layout-flow\">\n<h3 class=\"wp-block-heading has-white-color has-text-color has-medium-font-size\" style=\"margin-top:0;margin-right:0;margin-bottom:0;margin-left:0\">Captation<br>A\u00e9rienne<\/h3>\n<\/div><\/div>\n<\/div>\n<\/div>\n\n\n\n<div style=\"height:103px\" aria-hidden=\"true\" class=\"wp-block-spacer\"><\/div>\n<\/div>\n\n\n\n<div class=\"wp-block-group alignfull has-global-padding is-layout-constrained wp-block-group-is-layout-constrained\">\n<div id=\"aproposdemoit\" class=\"wp-block-group has-global-padding is-layout-constrained wp-block-group-is-layout-constrained\" style=\"padding-top:var(--wp--preset--spacing--small);padding-bottom:var(--wp--preset--spacing--small)\">\n<div style=\"height:30px\" aria-hidden=\"true\" class=\"wp-block-spacer\"><\/div>\n\n\n\n<div class=\"wp-block-columns is-layout-flex wp-container-core-columns-is-layout-c375d253 wp-block-columns-is-layout-flex\">\n<div class=\"wp-block-column is-vertically-aligned-center is-layout-flow wp-block-column-is-layout-flow\">\n<h2 class=\"wp-block-heading has-medium-font-size\" id=\"aproposdemoi\" style=\"text-transform:uppercase\">A propos de moi<\/h2>\n\n\n\n<p>Derri\u00e8re la cam\u00e9ra d\u2019ASEM Prod, c\u2019est moi, Emmanuel Assayah. Depuis 10 ans, je filme, monte et produit des vid\u00e9os. Une passion n\u00e9e avec mes amis, f\u00e9rus de sport m\u00e9canique. Le terrain de jeux id\u00e9al pour tester et explorer les options de ma cam\u00e9ra. Les exp\u00e9riences se sont multipli\u00e9es et diversifi\u00e9es. Aujourd\u2019hui, et gr\u00e2ce \u00e0 vous sur les r\u00e9seaux sociaux, cette passion est devenue mon m\u00e9tier !<\/p>\n\n\n\n<p>Avec ASEM Prod, la r\u00e9alisation de votre film est sur-mesure. Je vous accompagne dans la cr\u00e9ation de votre contenu vid\u00e9o de A \u00e0 Z. Discutons ensemble de votre projet. Je vous proposerai une solution cr\u00e9ative adapt\u00e9e \u00e0 vos besoins.<\/p>\n\n\n\n<div class=\"wp-block-buttons is-horizontal is-content-justification-left is-layout-flex wp-container-core-buttons-is-layout-20be11b6 wp-block-buttons-is-layout-flex\"><\/div>\n\n\n\n<p><\/p>\n<\/div>\n\n\n\n<div class=\"wp-block-column is-layout-flow wp-block-column-is-layout-flow\">\n<figure class=\"wp-block-image size-full\"><img loading=\"lazy\" decoding=\"async\" width=\"680\" height=\"453\" src=\"https:\/\/asemprod.fr\/wp-content\/uploads\/2025\/01\/PHOTO-DE-MOI.jpg\" alt=\"\" class=\"wp-image-59\" srcset=\"https:\/\/asemprod.fr\/wp-content\/uploads\/2025\/01\/PHOTO-DE-MOI.jpg 680w, https:\/\/asemprod.fr\/wp-content\/uploads\/2025\/01\/PHOTO-DE-MOI-300x200.jpg 300w, https:\/\/asemprod.fr\/wp-content\/uploads\/2025\/01\/PHOTO-DE-MOI-600x400.jpg 600w\" sizes=\"(max-width: 680px) 100vw, 680px\" \/><\/figure>\n<\/div>\n<\/div>\n\n\n\n<div style=\"height:30px\" aria-hidden=\"true\" class=\"wp-block-spacer\"><\/div>\n<\/div>\n<\/div>\n\n\n\n<div id=\"team\" class=\"wp-block-group has-global-padding is-layout-constrained wp-block-group-is-layout-constrained\"><\/div>\n\n\n\n<div class=\"wp-block-cover alignfull has-parallax is-position-center-center\" style=\"border-radius:0px\"><span aria-hidden=\"true\" class=\"wp-block-cover__background has-black-background-color has-background-dim-40 has-background-dim\"><\/span><div class=\"wp-block-cover__image-background wp-image-59 has-parallax\" style=\"background-position:50% 50%;background-image:url(http:\/\/asemprod.fr\/wp-content\/uploads\/2025\/01\/PHOTO-DE-MOI.jpg)\"><\/div><div class=\"wp-block-cover__inner-container is-layout-flow wp-block-cover-is-layout-flow\">\n<div class=\"wp-block-group has-global-padding is-layout-constrained wp-block-group-is-layout-constrained\">\n<h3 class=\"wp-block-heading has-text-align-center has-text-color has-medium-font-size\" style=\"color:#fffffa;text-transform:uppercase\">CONTACTEZ NOUS<\/h3>\n\n\n\n<div style=\"height:31px\" aria-hidden=\"true\" class=\"wp-block-spacer\"><\/div>\n\n\n<style id=\"wpforms-css-vars-76\">\n\t\t\t\t#wpforms-76 {\n\t\t\t\t\n\t\t\t}\n\t\t\t<\/style><div class=\"wpforms-container wpforms-container-full wpforms-render-modern\" id=\"wpforms-76\"><form id=\"wpforms-form-76\" class=\"wpforms-validate wpforms-form wpforms-ajax-form\" data-formid=\"76\" method=\"post\" enctype=\"multipart\/form-data\" action=\"\/index.php\/wp-json\/wp\/v2\/pages\/7\" data-token=\"41552dff144b10f62f4a82bb500ccc40\" data-token-time=\"1776250203\"><noscript class=\"wpforms-error-noscript\">Veuillez activer JavaScript dans votre navigateur pour remplir ce formulaire.<\/noscript><div id=\"wpforms-error-noscript\" style=\"display: none;\">Veuillez activer JavaScript dans votre navigateur pour remplir ce formulaire.<\/div><div class=\"wpforms-field-container\"><div id=\"wpforms-76-field_1-container\" class=\"wpforms-field wpforms-field-name\" data-field-id=\"1\"><label class=\"wpforms-field-label\" for=\"wpforms-76-field_1\">Nom et Pr\u00e9nom <span class=\"wpforms-required-label\" aria-hidden=\"true\">*<\/span><\/label><input type=\"text\" id=\"wpforms-76-field_1\" class=\"wpforms-field-medium wpforms-field-required\" name=\"wpforms[fields][1]\" aria-errormessage=\"wpforms-76-field_1-error\" required><\/div><div id=\"wpforms-76-field_2-container\" class=\"wpforms-field wpforms-field-email\" data-field-id=\"2\"><label class=\"wpforms-field-label\" for=\"wpforms-76-field_2\">E-mail <span class=\"wpforms-required-label\" aria-hidden=\"true\">*<\/span><\/label><input type=\"email\" id=\"wpforms-76-field_2\" class=\"wpforms-field-medium wpforms-field-required\" name=\"wpforms[fields][2]\" spellcheck=\"false\" aria-errormessage=\"wpforms-76-field_2-error\" required><\/div>\t\t<div id=\"wpforms-76-field_4-container\"\n\t\t\tclass=\"wpforms-field wpforms-field-text\"\n\t\t\tdata-field-type=\"text\"\n\t\t\tdata-field-id=\"4\"\n\t\t\t>\n\t\t\t<label class=\"wpforms-field-label\" for=\"wpforms-76-field_4\" >et E-mail Message<\/label>\n\t\t\t<input type=\"text\" id=\"wpforms-76-field_4\" class=\"wpforms-field-medium\" name=\"wpforms[fields][4]\" >\n\t\t<\/div>\n\t\t<div id=\"wpforms-76-field_3-container\" class=\"wpforms-field wpforms-field-textarea\" data-field-id=\"3\"><label class=\"wpforms-field-label\" for=\"wpforms-76-field_3\">Message<\/label><textarea id=\"wpforms-76-field_3\" class=\"wpforms-field-medium\" name=\"wpforms[fields][3]\" aria-errormessage=\"wpforms-76-field_3-error\" ><\/textarea><\/div><script>\n\t\t\t\t( function() {\n\t\t\t\t\tconst style = document.createElement( 'style' );\n\t\t\t\t\tstyle.appendChild( document.createTextNode( '#wpforms-76-field_4-container { position: absolute !important; overflow: hidden !important; display: inline !important; height: 1px !important; width: 1px !important; z-index: -1000 !important; padding: 0 !important; } #wpforms-76-field_4-container input { visibility: hidden; } #wpforms-conversational-form-page #wpforms-76-field_4-container label { counter-increment: none; }' ) );\n\t\t\t\t\tdocument.head.appendChild( style );\n\t\t\t\t\tdocument.currentScript?.remove();\n\t\t\t\t} )();\n\t\t\t<\/script><\/div><!-- .wpforms-field-container --><div class=\"wpforms-submit-container\" ><input type=\"hidden\" name=\"wpforms[id]\" value=\"76\"><input type=\"hidden\" name=\"page_title\" value=\"\"><input type=\"hidden\" name=\"page_url\" value=\"https:\/\/asemprod.fr\/index.php\/wp-json\/wp\/v2\/pages\/7\"><input type=\"hidden\" name=\"url_referer\" value=\"\"><button type=\"submit\" name=\"wpforms[submit]\" id=\"wpforms-submit-76\" class=\"wpforms-submit\" data-alt-text=\"Envoi...\" data-submit-text=\"Envoyer\" aria-live=\"assertive\" value=\"wpforms-submit\">Envoyer<\/button><img loading=\"lazy\" decoding=\"async\" src=\"https:\/\/asemprod.fr\/wp-content\/plugins\/wpforms-lite\/assets\/images\/submit-spin.svg\" class=\"wpforms-submit-spinner\" style=\"display: none;\" width=\"26\" height=\"26\" alt=\"Chargement en cours\"><\/div><\/form><\/div>  <!-- .wpforms-container -->\n<\/div>\n<\/div><\/div>\n\n\n\n<div id=\"news\" class=\"wp-block-group has-global-padding is-layout-constrained wp-block-group-is-layout-constrained\">\n<div style=\"height:108px\" aria-hidden=\"true\" class=\"wp-block-spacer\"><\/div>\n\n\n\n<p class=\"has-text-align-left has-secondary-color has-text-color\"><\/p>\n\n\n\n<h2 class=\"wp-block-heading has-text-align-left\">NOUS SUIVRE<\/h2>\n\n\n\n<div style=\"height:33px\" aria-hidden=\"true\" class=\"wp-block-spacer\"><\/div>\n\n\n\n<div class=\"wp-block-query is-layout-flow wp-block-query-is-layout-flow\"><ul class=\"columns-3 wp-block-post-template is-layout-grid wp-container-core-post-template-is-layout-6aac66c0 wp-block-post-template-is-layout-grid\"><li class=\"wp-block-post post-146 post type-post status-publish format-standard hentry category-non-classe\">\n\n\n<div style=\"margin-top:0;margin-bottom:0;\" class=\"has-link-color wp-elements-a1817b6b9e4eaefd5826fde68b0a8fdb wp-block-post-date has-text-color has-tertiary-color\"><time datetime=\"2025-01-27T08:03:40+01:00\">27 janvier 2025<\/time><\/div>\n\n<h3 style=\"margin-top:0;margin-bottom:var(--wp--preset--spacing--x-small);\" class=\"has-link-color wp-elements-2e75b4e4fab489cf445e03eda13279d1 wp-block-post-title\"><a href=\"https:\/\/asemprod.fr\/index.php\/2025\/01\/27\/telepilote-de-drone-diplome\/\" target=\"_self\" >T\u00e9l\u00e9pilote de drone dipl\u00f4m\u00e9<\/a><\/h3>\n\n\n<p><strong>Donnez vie \u00e0 vos id\u00e9es avec la vid\u00e9o !<\/strong><br>Je vous accompagne pour cr\u00e9er des contenus adapt\u00e9s \u00e0 vos besoins : communication interne, promotion de votre marque, recherche de nouveaux clients ou mise en avant de votre savoir-faire.<br>Mariage, clip musical, projet associatif ou scolaire, mais aussi clip promotionnel, packshot produit, interviews ou reportage, tout est possible pour valoriser votre projet.<\/p>\n\n\n\n<p>Que ce soit pour une collaboration ponctuelle ou des contenus r\u00e9guliers (Youtube, Facebook, Instagram, TikTok), travaillons ensemble pour booster votre visibilit\u00e9 avec des vid\u00e9os de qualit\u00e9 !<\/p>\n\n\n<a style=\"text-transform:uppercase; border-width:2px; padding-right:var(--wp--preset--spacing--x-small);padding-left:var(--wp--preset--spacing--x-small);padding-top:10px;padding-bottom:10px;\" class=\"wp-block-read-more has-text-color has-foreground-color\" href=\"https:\/\/asemprod.fr\/index.php\/2025\/01\/27\/telepilote-de-drone-diplome\/\" target=\"_self\">Lire la suite<span class=\"screen-reader-text\">\u00a0: T\u00e9l\u00e9pilote de drone dipl\u00f4m\u00e9<\/span><\/a>\n<\/li><li class=\"wp-block-post post-144 post type-post status-publish format-standard hentry category-non-classe\">\n\n\n<div style=\"margin-top:0;margin-bottom:0;\" class=\"has-link-color wp-elements-a1817b6b9e4eaefd5826fde68b0a8fdb wp-block-post-date has-text-color has-tertiary-color\"><time datetime=\"2025-01-27T07:57:05+01:00\">27 janvier 2025<\/time><\/div>\n\n<h3 style=\"margin-top:0;margin-bottom:var(--wp--preset--spacing--x-small);\" class=\"has-link-color wp-elements-2e75b4e4fab489cf445e03eda13279d1 wp-block-post-title\"><a href=\"https:\/\/asemprod.fr\/index.php\/2025\/01\/27\/des-images-pour-toutes-les-envies\/\" target=\"_self\" >ASEM Prod, Photographe professionnel<\/a><\/h3>\n\n\n<p><strong>Donnez vie \u00e0 vos id\u00e9es avec la vid\u00e9o !<\/strong><br>Je vous accompagne pour cr\u00e9er des contenus adapt\u00e9s \u00e0 vos besoins : communication interne, promotion de votre marque, recherche de nouveaux clients ou mise en avant de votre savoir-faire.<br>Mariage, clip musical, projet associatif ou scolaire, mais aussi clip promotionnel, packshot produit, interviews ou reportage, tout est possible pour valoriser votre projet.<\/p>\n\n\n\n<p>Que ce soit pour une collaboration ponctuelle ou des contenus r\u00e9guliers (Youtube, Facebook, Instagram, TikTok), travaillons ensemble pour booster votre visibilit\u00e9 avec des vid\u00e9os de qualit\u00e9 !<\/p>\n\n\n<a style=\"text-transform:uppercase; border-width:2px; padding-right:var(--wp--preset--spacing--x-small);padding-left:var(--wp--preset--spacing--x-small);padding-top:10px;padding-bottom:10px;\" class=\"wp-block-read-more has-text-color has-foreground-color\" href=\"https:\/\/asemprod.fr\/index.php\/2025\/01\/27\/des-images-pour-toutes-les-envies\/\" target=\"_self\">Lire la suite<span class=\"screen-reader-text\">\u00a0: ASEM Prod, Photographe professionnel<\/span><\/a>\n<\/li><li class=\"wp-block-post post-1 post type-post status-publish format-standard has-post-thumbnail hentry category-asem-prod\">\n<figure style=\"width:100%;height:240px; margin-bottom:var(--wp--preset--spacing--x-small);\" class=\"wp-block-post-featured-image\"><a href=\"https:\/\/asemprod.fr\/index.php\/2025\/01\/22\/bonjour-tout-le-monde\/\" target=\"_self\"  style=\"height:240px\"><img loading=\"lazy\" decoding=\"async\" width=\"680\" height=\"453\" src=\"https:\/\/asemprod.fr\/wp-content\/uploads\/2025\/01\/PHOTO-DE-MOI.jpg\" class=\"attachment-post-thumbnail size-post-thumbnail wp-post-image\" alt=\"Bonjour tout le monde\u00a0!Bienvenue sur le nouveau site d\u2019ASEM PROD ! \ud83c\udfa5\" style=\"border-radius:5px;height:240px;object-fit:cover;\" srcset=\"https:\/\/asemprod.fr\/wp-content\/uploads\/2025\/01\/PHOTO-DE-MOI.jpg 680w, https:\/\/asemprod.fr\/wp-content\/uploads\/2025\/01\/PHOTO-DE-MOI-300x200.jpg 300w, https:\/\/asemprod.fr\/wp-content\/uploads\/2025\/01\/PHOTO-DE-MOI-600x400.jpg 600w\" sizes=\"100vw\" \/><\/a><\/figure>\n\n<div style=\"margin-top:0;margin-bottom:0;\" class=\"has-link-color wp-elements-a1817b6b9e4eaefd5826fde68b0a8fdb wp-block-post-date has-text-color has-tertiary-color\"><time datetime=\"2025-01-22T10:07:30+01:00\">22 janvier 2025<\/time><\/div>\n\n<h3 style=\"margin-top:0;margin-bottom:var(--wp--preset--spacing--x-small);\" class=\"has-link-color wp-elements-2e75b4e4fab489cf445e03eda13279d1 wp-block-post-title\"><a href=\"https:\/\/asemprod.fr\/index.php\/2025\/01\/22\/bonjour-tout-le-monde\/\" target=\"_self\" >Bonjour tout le monde\u00a0!Bienvenue sur le nouveau site d\u2019ASEM PROD ! \ud83c\udfa5<\/a><\/h3>\n\n\n<p><strong>Donnez vie \u00e0 vos id\u00e9es avec la vid\u00e9o !<\/strong><br>Je vous accompagne pour cr\u00e9er des contenus adapt\u00e9s \u00e0 vos besoins : communication interne, promotion de votre marque, recherche de nouveaux clients ou mise en avant de votre savoir-faire.<br>Mariage, clip musical, projet associatif ou scolaire, mais aussi clip promotionnel, packshot produit, interviews ou reportage, tout est possible pour valoriser votre projet.<\/p>\n\n\n\n<p>Que ce soit pour une collaboration ponctuelle ou des contenus r\u00e9guliers (Youtube, Facebook, Instagram, TikTok), travaillons ensemble pour booster votre visibilit\u00e9 avec des vid\u00e9os de qualit\u00e9 !<\/p>\n\n\n<a style=\"text-transform:uppercase; border-width:2px; padding-right:var(--wp--preset--spacing--x-small);padding-left:var(--wp--preset--spacing--x-small);padding-top:10px;padding-bottom:10px;\" class=\"wp-block-read-more has-text-color has-foreground-color\" href=\"https:\/\/asemprod.fr\/index.php\/2025\/01\/22\/bonjour-tout-le-monde\/\" target=\"_self\">Lire la suite<span class=\"screen-reader-text\">\u00a0: Bonjour tout le monde\u00a0!Bienvenue sur le nouveau site d\u2019ASEM PROD ! \ud83c\udfa5<\/span><\/a>\n<\/li><\/ul>\n\n<\/div>\n\n\n\n<div style=\"height:85px\" aria-hidden=\"true\" class=\"wp-block-spacer\"><\/div>\n<\/div>\n\n\n\n<p><\/p>\n","protected":false},"excerpt":{"rendered":"<p>LES PRESTATIONS ASEM PROD Pour tous vos besoins visuels, one-shot ou sur le long terme, d\u00e9couvrez mes services sur-mesure pour la communication interne ou externe de votre entreprise TRAVAILLER AVEC NOUS NOS PRESTATIONS Quel que soit votre projet, je trouverai une solution audiovisuelle originale et cr\u00e9ative de qualit\u00e9 pour d\u00e9velopper votre visibilit\u00e9. A propos de &hellip; <\/p>\n<p class=\"link-more\"><a href=\"https:\/\/asemprod.fr\/\" class=\"more-link\">Lire la suite de<span class=\"screen-reader-text\">\u00ab\u00a0Homepage\u00a0\u00bb<\/span><\/a><\/p>\n","protected":false},"author":1,"featured_media":0,"parent":0,"menu_order":0,"comment_status":"closed","ping_status":"closed","template":"page-templates\/homepage-no-hero.php","meta":{"footnotes":""},"class_list":["post-7","page","type-page","status-publish","hentry"],"featured_media_urls":[],"_links":{"self":[{"href":"https:\/\/asemprod.fr\/index.php\/wp-json\/wp\/v2\/pages\/7","targetHints":{"allow":["GET"]}}],"collection":[{"href":"https:\/\/asemprod.fr\/index.php\/wp-json\/wp\/v2\/pages"}],"about":[{"href":"https:\/\/asemprod.fr\/index.php\/wp-json\/wp\/v2\/types\/page"}],"author":[{"embeddable":true,"href":"https:\/\/asemprod.fr\/index.php\/wp-json\/wp\/v2\/users\/1"}],"replies":[{"embeddable":true,"href":"https:\/\/asemprod.fr\/index.php\/wp-json\/wp\/v2\/comments?post=7"}],"version-history":[{"count":39,"href":"https:\/\/asemprod.fr\/index.php\/wp-json\/wp\/v2\/pages\/7\/revisions"}],"predecessor-version":[{"id":156,"href":"https:\/\/asemprod.fr\/index.php\/wp-json\/wp\/v2\/pages\/7\/revisions\/156"}],"wp:attachment":[{"href":"https:\/\/asemprod.fr\/index.php\/wp-json\/wp\/v2\/media?parent=7"}],"curies":[{"name":"wp","href":"https:\/\/api.w.org\/{rel}","templated":true}]}}